c. What is the tens digit of ((-6)/8)/(a/(-40))?
1
Suppose 2*x = -0*x + 114. What is the tens digit of x?
5
Suppose -4*v + 2 - 5 = 3*l, -5*l + 4*v + 27 = 0. Suppose y - 24 = -l*y. What is the units digit of y?
6
Let g(c) = 13*c**3 + 2*c**2 - 2*c + 1. What is the tens digit of g(1)?
1
Suppose -56 = -4*k - 0. What is the units digit of k?
4
Let u(g) = -g**2 - 12*g - 11. Let r be (-4 - -5)/((-1)/(-6)). Suppose -4*v - r - 30 = 0. What is the units digit of u(v)?
6
Suppose 2*s + 4*g + 0*g - 58 = 0, 3*g = 5*s - 132. Suppose -19*n = -16*n - s. What is the units digit of n?
9
Suppose 0 = x + 7*x - 1168. What is the units digit of x?
6
Suppose 0 = g - 6 - 22. What is the tens digit of g?
2
Suppose -8 + 45 = f. Suppose 5*m - 10 = 0, -2*o - 3*m + f = 3. What is the units digit of o?
4
Let h = 7 - 7. What is the units digit of h/(-1) - 3*-3?
9
Let r(o) = 9*o - 1. What is the units digit of r(2)?
7
Suppose -2*n + 2*u = -238, -2*n = 3*n + u - 583. What is the hundreds digit of n?
1
Let l(p) = -7*p - 4*p**2 + p**2 + 2*p**2 + 7. Let z be -3*(-8)/(-6) + -2. What is the units digit of l(z)?
3
Let s = 11 - 9. What is the units digit of s?
2
Suppose -529 = -4*q + 55. What is the units digit of 2/5 + q/10?
5
Let w(m) = -5 + 1 + 2 - 2 + 11*m. What is the units digit of w(3)?
9
Let x be 8 - (2 - 5 - -1). Suppose -3*n - 3*d - 2 = 4, -d = 4*n - 7. Suppose 0 = -n*k + x + 5. What is the units digit of k?
5
Let z(w) = -w + 1. Let f(i) be the second derivative of -i**5/20 - i**4/2 + i**3/6 - i**2/2 + 2*i. Let k be f(-6). What is the units digit of z(k)?
8
Let g(d) = d**2 + 9*d + 4. Let u be g(-8). What is the tens digit of -7*(u - 2) + -3?
3
Let w be ((-28)/10)/((-30)/(-75)). Let s(y) be the first derivative of -y**2/2 - y + 1. What is the units digit of s(w)?
6
Let v = 0 - -3. Let n(q) = -q**2 - 9*q - 2. Let g be n(-5). Suppose g = v*b - 0*b. What is the units digit of b?
6
Suppose m - 4*m = 117. Let t be (-4)/6 + m/9. Let q(a) = a + 12. What is the units digit of q(t)?
7
Let b be 6/15 - 98/(-5). What is the units digit of 15/2*b/15?
0
Let u = 526 + -311. What is the units digit of u?
5
Suppose 2*k + 5 = 3*k. Suppose -7*q - k = -2*q. What is the units digit of (q/1 - -1) + 6?
6
Let o = 214 - 104. What is the tens digit of o?
1
Let p be ((-18)/3)/(6/(-28)). Let n = p + 2. Let m = n + -21. What is the units digit of m?
9
Suppose 3*f + 43 = 100. Suppose 8 = -4*t, -3*z + 5*t = -39 - f. What is the tens digit of z?
1
Let g be 45/6*(-8)/10. Let z = 21 + g. What is the tens digit of z?
1
Suppose -r + 4*r = 5*w + 8, -4*w - 16 = -4*r. What is the tens digit of ((-2)/r)/((-2)/138)?
2
Suppose -3*s = -42 - 6. Let n = s + -10. What is the units digit of n?
6
Suppose 0 = -3*n + 4*n - 149. What is the tens digit of n?
4
Let z be 36/(-90) + 22/5. Suppose -s = -3*m + s + 31, -m + 17 = -z*s. What is the units digit of m?
9
What is the tens digit of 48*((-7)/2 - -4)?
2
Let i(b) = -b + 3. Let t be i(0). Suppose -t*x + 6*x = 123. What is the units digit of x?
1
Let y = -74 + 259. What is the units digit of y?
5
Let r(p) = -32*p - 10. What is the tens digit of r(-6)?
8
Let l(y) = y**3 - 11*y**2 - y + 11. Let z be l(11). Suppose 3*b - 6*b + 30 = z. What is the tens digit of b?
1
Let l = 52 + -12. Let d = l - 27. What is the units digit of d?
3
Let p(x) = 6*x + 10. What is the tens digit of p(4)?
3
Suppose -3*m = -2*t - 55, -59 = -3*m + 4*t - 12. What is the tens digit of m?
2
Suppose 20 = 4*f - 52. Let t = 59 - f. What is the units digit of t?
1
Let k be 3*(-15)/(-9)*1. Suppose 4*y = 2*l - 0*y - 56, y - 85 = -k*l. What is the units digit of l?
8
Let v = 394 + -197. What is the units digit of v?
7
Let o = 6 - 10. Let a(z) = -z**3 - 3*z**2 + z + 3. Let r be a(o). What is the tens digit of r - (3 - (1 - -1))?
1
Let k = -6 + 2. Let n(d) = -4*d - 3. What is the units digit of n(k)?
3
Let l = 8 + -5. Suppose 0 = 5*n - l - 7. What is the units digit of n?
2
Suppose 2*u - 4 = 3*g, -6*g = -g - 2*u. Suppose i + g*i = 0. Suppose 0*a + 4*a - 4 = i. What is the units digit of a?
1
Suppose -5*h = -8*h + 156. What is the tens digit of h?
5
Suppose -2*u - 547 = -3*y - u, -542 = -3*y + 2*u. What is the tens digit of y?
8
Let p = 3 + -3. Suppose a = -p*a + 14. What is the units digit of a?
4
Suppose 0 = -11*w + w + 1340. What is the hundreds digit of w?
1
Let a(q) = q**2 - 3*q - 5. Let v be a(5). Suppose -4*b + 70 = 3*j - 5*b, v*b + 5 = 0. What is the units digit of j?
3
Suppose -5*c + 342 = -358. What is the units digit of c?
0
Let c be (-2 + 132/9)*-6. Let t = 106 + c. Suppose 5*i + 10 = t. What is the units digit of i?
4
Let c(l) = l**2 - 3*l - 5. Let s be c(6). Suppose 10 = 2*u, -3*u = -0*t - 2*t + s. What is the tens digit of t?
1
Suppose 3*z + 2*f - 16 = 0, -5*z + 0*f + 5 = -f. Suppose -130 = -5*s + o, 0*s = -z*s - o + 59. What is the units digit of s?
7
Let a be (1 + -4)*(-46)/(-2). Let m = a + 97. What is the tens digit of m?
2
Let f = 335 - 198. What is the units digit of f?
7
Suppose -4*o + 8*o = 272. What is the units digit of o?
8
Let r = -4 + 9. Suppose -2*v = -r*v. Suppose v = -j + 4*j - 27. What is the units digit of j?
9
Let s = 123 + -51. What is the tens digit of s?
7
Let q(k) = k**3 + 12*k**2 - 12*k + 15. Let d be q(-13). Suppose -d*l = l - 4*s - 14, 3*s = 3*l - 18. What is the tens digit of l?
1
Suppose 0 = 3*d - d - 8. Suppose 4*l = 5*l - d. What is the units digit of l?
4
Let i = -22 - -26. Suppose r + 33 = i*r. What is the units digit of r?
1
Suppose -5*m + 10*m - 5*i = -20, 5*m + 3*i + 44 = 0. What is the tens digit of (-103)/m - (-4)/14?
1
What is the units digit of (-4)/(-8) - (-3)/2?
2
Let d(b) = -b**2 - 5*b + 4. Let h be d(-5). Suppose 0 = -h*g + g + 99. What is the tens digit of g?
3
Let n = 3 - 0. Suppose n*f - a = 29 + 19, -3*f + 45 = -2*a. What is the units digit of f?
7
Let q be (-3)/(-2) + (-404)/(-8). Suppose -16 = -4*t + q. What is the units digit of t?
7
Suppose 3*q - 155 = 37. What is the tens digit of q?
6
Suppose -2*h = -9*h + 595. What is the units digit of h?
5
Let x(l) be the first derivative of l**4/4 + l**3/3 - 3*l**2/2 - l - 4. Suppose -4*g + 4 - 12 = 0. What is the units digit of x(g)?
1
Let r(a) be the first derivative of 17*a**2/2 + a + 1. Let b be r(1). Let g = -11 + b. What is the units digit of g?
7
Let x be (4/6)/(4/6). Let g(j) = -2*j - 6. Let d(r) = -7*r - 17. Let h(q) = -6*d(q) + 17*g(q). What is the units digit of h(x)?
8
Let t(g) = g**3 + 7*g**2 - 2*g - 2. Let s be t(-5). Let q = s - 34. Suppose -2*c - 68 = -3*m, -3*c - q = -m - 2*c. What is the units digit of m?
0
Let u = -157 - -67. What is the tens digit of 1/(-4) - u/8?
1
Suppose 3 + 6 = 3*w. Let b(u) = u**w - 7*u**2 + 4 - 2*u**3 - u - 6. What is the units digit of b(-7)?
5
Suppose -36 = -4*c - 0*c. Let d = c + 2. Suppose 1 = -2*v + d. What is the units digit of v?
5
Let w = -448 - -701. What is the hundreds digit of w?
2
What is the tens digit of (-83)/(-2) + 15/30?
4
Let r(a) = a + 0*a + 0*a - 2*a. Let v be r(6). Let c(f) = f**3 + 6*f**2 - 3*f - 7. What is the units digit of c(v)?
1
Let m(v) = -2*v**3 - 4*v + 1. Let f(w) = -w**3 - w**2 - 4*w. Let z(p) = 3*f(p) - 2*m(p). Let h be z(4). Let r(b) = -b**2 - 4*b. What is the units digit of r(h)?
4
Let m(w) = 9*w - 16. What is the units digit of m(10)?
4
Let f(m) = 4*m**3 + 6*m**2 + 4*m - 40. What is the tens digit of f(4)?
2
Let h = -5 - -4. Let u be ((-2)/2)/(h/5). Suppose 0*x + 3*q + u = 2*x, 5*x - 60 = -2*q. What is the tens digit of x?
1
Let q(s) = s + 2. Suppose -5 = -5*x, 0*o + 2*o - 6 = -2*x. What is the units digit of q(o)?
4
What is the units digit of (-32)/((-4 + 2)/2)?
2
Suppose 160 = 5*t - 5*q, 2*t - 30 - 18 = -2*q. What is the units digit of t?
8
Suppose -3*g + 2*x + 4 = 0, -7 = -g - 2*g - x. Suppose 0 = -g*s + 4*f - 7 - 17, -5*f + 40 = -3*s. Let q = -13 - s. What is the units digit of q?
7
Suppose 3*w + 37 - 4 = 0. Let t = 22 + w. What is the tens digit of t?
1
Suppose 0*x = -5*x + 110. What is the units digit of x?
2
Let h be ((-19)/2)/(1/(-2)). Let f(g) = g**2 + 9*g - 3. Let j be f(-8). Let b = j + h. What is the units digit of b?
8
Let w(z) = -z**2 + 5*z + 3. Suppose -n = 4*d - 6, 2*d + 2 = d - 2*n. Suppose 3*y - 4*u - 8 = -1, -5*y + 29 = d*u. What is the units digit of w(y)?
3
Let f(b) = -b**2 - 14*b + 2. Let p be f(-8). Suppose -